{"id":13,"date":"2019-09-11T14:11:32","date_gmt":"2019-09-11T12:11:32","guid":{"rendered":"http:\/\/www4.ekf.tuke.sk\/kamahi\/?page_id=13"},"modified":"2019-09-20T12:46:51","modified_gmt":"2019-09-20T10:46:51","slug":"kontakt","status":"publish","type":"page","link":"https:\/\/kamahi.ekf.tuke.sk\/index.php\/kontakt\/","title":{"rendered":"Kontakt"},"content":{"rendered":"\n<div style=\"float: left; width: 35%\"><h3 align=\"left\">Kontaktn\u00e9 inform\u00e1cie<\/h3>\n<b>Katedra aplikovanej matematiky a hospod\u00e1rskej informatiky<\/b>\n<br\/>Technick\u00e1 univerzita v Ko\u0161iciach\n<br\/>N\u011bmcovej 32\n<br\/>040 01  Ko\u0161ice\n<br\/>Slovensk\u00e1 republika\n<\/div>\n\n<img loading=\"lazy\" decoding=\"async\" width=\"579\" height=\"485\" style=\"width: 60%; float: right\" class=\"wp-image-827\" src=\"https:\/\/kamahi.ekf.tuke.sk\/wp-content\/uploads\/2019\/09\/mapa.png\" alt=\"\" srcset=\"https:\/\/kamahi.ekf.tuke.sk\/wp-content\/uploads\/2019\/09\/mapa.png 579w, https:\/\/kamahi.ekf.tuke.sk\/wp-content\/uploads\/2019\/09\/mapa-300x251.png 300w\" sizes=\"(max-width: 579px) 100vw, 579px\" \/>\n\n\n","protected":false},"excerpt":{"rendered":"<p>Kontaktn\u00e9 inform\u00e1cie Katedra aplikovanej matematiky a hospod\u00e1rskej informatiky Technick\u00e1 univerzita v Ko\u0161iciach N\u011bmcovej 32 040 01 Ko\u0161ice Slovensk\u00e1 republika<\/p>\n","protected":false},"author":1,"featured_media":0,"parent":0,"menu_order":0,"comment_status":"closed","ping_status":"closed","template":"","meta":{"footnotes":""},"class_list":["post-13","page","type-page","status-publish","hentry","no-post-thumbnail"],"_links":{"self":[{"href":"https:\/\/kamahi.ekf.tuke.sk\/index.php\/wp-json\/wp\/v2\/pages\/13"}],"collection":[{"href":"https:\/\/kamahi.ekf.tuke.sk\/index.php\/wp-json\/wp\/v2\/pages"}],"about":[{"href":"https:\/\/kamahi.ekf.tuke.sk\/index.php\/wp-json\/wp\/v2\/types\/page"}],"author":[{"embeddable":true,"href":"https:\/\/kamahi.ekf.tuke.sk\/index.php\/wp-json\/wp\/v2\/users\/1"}],"replies":[{"embeddable":true,"href":"https:\/\/kamahi.ekf.tuke.sk\/index.php\/wp-json\/wp\/v2\/comments?post=13"}],"version-history":[{"count":25,"href":"https:\/\/kamahi.ekf.tuke.sk\/index.php\/wp-json\/wp\/v2\/pages\/13\/revisions"}],"predecessor-version":[{"id":842,"href":"https:\/\/kamahi.ekf.tuke.sk\/index.php\/wp-json\/wp\/v2\/pages\/13\/revisions\/842"}],"wp:attachment":[{"href":"https:\/\/kamahi.ekf.tuke.sk\/index.php\/wp-json\/wp\/v2\/media?parent=13"}],"curies":[{"name":"wp","href":"https:\/\/api.w.org\/{rel}","templated":true}]}}