{"id":292,"date":"2019-09-12T14:51:26","date_gmt":"2019-09-12T12:51:26","guid":{"rendered":"http:\/\/www4.ekf.tuke.sk\/kamahi\/?page_id=292"},"modified":"2024-09-24T09:31:23","modified_gmt":"2024-09-24T07:31:23","slug":"martin-vejacka","status":"publish","type":"page","link":"https:\/\/kamahi.ekf.tuke.sk\/index.php\/martin-vejacka\/","title":{"rendered":"Martin Veja\u010dka"},"content":{"rendered":"\n<style type=\"text\/css\">\n.entry-content table,\n.entry-content th,\n.entry-content tr,\n.entry-content td{\n\tborder:none;\n}\ntable.other,\ntd.other,\ntr.other{\n\tpadding: 5px 5px 5px;\n}\ntable.other,\ntd.other,\ntr.other{\nborder: 1px solid black;\n}\n<\/style>\n\n<table style=\"float: left; width: 950px\">\n<tr>\n<td align=\"right\"><h4><a href=\"#experience\" target=\"_self\" class=\"btn-secondary\" rel=\"noopener noreferrer\">Pedagogick\u00e1 \u010dinnos\u0165<\/a><\/h4><\/td>\n<td align=\"center\"><h4><a href=\"#work\" target=\"_self\" class=\"btn-secondary\" rel=\"noopener noreferrer\">Publik\u00e1cie<\/a><\/h4><\/td>\n<td align=\"center\"><h4><a href=\"#project\" target=\"_self\" class=\"btn-secondary\" rel=\"noopener noreferrer\">Projekty<\/a><\/h4><\/td>\n<td align=\"left\"><h4><a href=\"#contact\" target=\"_self\" class=\"btn-secondary\" rel=\"noopener noreferrer\">Kontakt<\/a><\/h4><\/td>\n<tr>\n<\/table>\n\n<div style=\"float: left; width: 75%\"><p align=\"justify\">\n<p>Odborn\u00fd asistent <\/p>\n<p>Oblasti v\u00fdskumn\u00e9ho zamerania:<\/p>\n<ul>\n<li>elektronick\u00e9 bankovn\u00edctvo a financie<\/li>\n<li>bezpe\u010dnos\u0165 elektronick\u00e9ho bankovn\u00edctva <\/li>\n<li>online marketing<\/li>\n<li>e-learning<\/li>\n<li>IT technol\u00f3gie podporuj\u00face ekonomick\u00e9 aktivity <\/li>\n<li>vzdel\u00e1vanie v oblasti podnikania<\/li>\n<\/ul>\n<\/p>\n<p>\u017divotopis \u2013 <a href=\"https:\/\/kamahi.ekf.tuke.sk\/wp-content\/uploads\/2019\/11\/CV-Europass-20181011-Veja\u010dka-SK.pdf\"> SK<\/a>\/<a href=\"https:\/\/kamahi.ekf.tuke.sk\/wp-content\/uploads\/2019\/11\/CV_Vejacka.pdf\"> EN<\/a><\/p>\n<p>ORCID No: <a href=\"https:\/\/orcid.org\/0000-0002-9761-7597\"> 0000-0002-9761-7597<\/a><\/p>\n<p>Publons: <a href=\"https:\/\/publons.com\/researcher\/2202054\/martin-vejacka\/\"> Martin Veja\u010dka &#8211; publons<\/a><\/p>\n<\/div>\n\n\n<img decoding=\"async\" style=\"width: 250px; float: right\" class=\"wp-image-364\" src=\"https:\/\/kamahi.ekf.tuke.sk\/wp-content\/uploads\/2019\/11\/Vejacka_lowsize.png\">\n\n<div style=\"float: left; width: 75%\"><p align=\"left\"> \n<h4><a name=\"experience\">Pedagogick\u00e1 \u010dinnos\u0165<\/a><\/h4>\nCvi\u010denia z predmetu: \n<ul>\n<li>Informatika I.<\/li>\n<li>Informatika II.<\/li>\n<li>Ekonomick\u00e9 informa\u010dn\u00e9 syst\u00e9my<\/li>\n<li>Elektronick\u00e9 slu\u017eby v bankovn\u00edctve<\/li>\n<\/ul>\n<p><b><\/br>Konzulta\u010dn\u00e9 hodiny<\/b><\/p>\n<ul>\n<li>Piatok 13:30 miestnos\u0165 \u010d. 210 (nutn\u00e1 dohoda vopred emailom)<\/li>\n<\/ul>\n<p><b>Vedenie z\u00e1vere\u010dn\u00fdch pr\u00e1c<\/b><\/p>\n<p><i>Diplomov\u00e9 pr\u00e1ce za roky 2023-2024:<\/i><\/p>\n<ul>\n<li>Nov\u00e9 trendy v mobilnom marketingu a ich vyu\u017eitie<\/li>\n<li>Anal\u00fdza slu\u017eieb e-Governmentu v krajin\u00e1ch Eur\u00f3pskej \u00fanie<\/li>\n<\/ul>\n<p><i>Bakal\u00e1rske pr\u00e1ce: za roky 2023-2024:<\/i><\/p>\n<ul>\n<li>Mobiln\u00e9 aplik\u00e1cie pre eGovernment a ich vyu\u017eite v E\u00da<\/li>\n<li>Mobiln\u00e9 bankovn\u00edctvo v podmienkach bankov\u00e9ho sektora SR<\/li>\n<li>Anal\u00fdza bezpe\u010dn\u00e9ho spr\u00e1vania sa pou\u017e\u00edvate\u013eov elektronick\u00e9ho bankovn\u00edctva<\/li>\n<li>Mobiln\u00e9 bankovn\u00edctvo v podmienkach bankov\u00e9ho sektora SR<\/li>\n<li>Mobiln\u00fd marketing a jeho aktu\u00e1lne trendy<\/li>\n<li>Online platobn\u00e9 syst\u00e9my a ich bezpe\u010dnos\u0165<\/li>\n<li>Digit\u00e1lny podpis a mo\u017enosti jeho vyu\u017eitia v hospod\u00e1rstve Slovenska<\/li>\n<\/ul>\n<\/div>\n\n<h4><a name=\"work\">Publik\u00e1cie<\/a><\/h4>\n<h5>5 najv\u00fdznamnej\u0161\u00edch publik\u00e1cii<\/h5>\n<ul align=\"justify\">\n<table class=\"other\">\n<tbody>\n<tr class=\"other\">\n<td class=\"other\" width=\"7%\"><strong>Kateg\u00f3ria<\/strong><\/td>\n<td class=\"other\"><strong>Publik\u00e1cia<\/strong><\/td>\n<\/tr>\n<tr class=\"other\">\n<td class=\"other\"><strong>ADC<\/strong><\/td>\n<td class=\"other\">Differences in Buyer Journey between High- and Low-Value Customers of E-Commerce Business \/ Luk\u00e1\u0161 Kakalej\u010d\u00edk, Jozef Bucko, Martin Veja\u010dka &#8211; 2019. In: Journal of Theoretical and Applied Electronic Commerce Research. Ro\u010d. 14, \u010d. 2 (2019), s. 47-58 [online]. &#8211; ISSN 0718-1876<\/td>\n<\/tr>\n<tr class=\"other\">\n<td class=\"other\"><strong>ADM<\/strong><\/td>\n<td class=\"other\">Facebook advertising and its efficiency on the Slovak market \/ Martin Veja\u010dka &#8211; 2012. In: E+M Ekonomie a Management. Vol. 15, no. 1 (2012), p. 116-127. &#8211; ISSN 1212-3609 <\/td>\n<\/tr>\n<tr class=\"other\">\n<td class=\"other\"><strong>ADM<\/strong><\/td>\n<td class=\"other\"> Influence of security and trust on electronic banking adoption in Slovakia \/ Martin Veja\u010dka, Tom\u00e1\u0161 \u0160tofa &#8211; 2017. In: E+M Ekonomie a Management. Vol. 20, no. 4 (2017), p. 135-150. &#8211; ISSN 1212-3609<\/td>\n<\/tr>\n<tr class=\"other\">\n<td class=\"other\"><strong>ADM<\/strong><\/td>\n<td class=\"other\">Social media marketing in comparison with other forms of marketing in the Slovak banking sector \/ Martin Veja\u010dka &#8211; 2017. In: Market &#8211; Tr\u017ei\u0161te. Vol. 29, no. 1 (2017), p. 23-38. &#8211; ISSN 0353-4790 <\/td>\n<\/tr>\n<tr class=\"other\">\n<td class=\"other\"><strong>ADM<\/strong><\/td>\n<td class=\"other\">Analysis of employment in the EU according to europe 2020 strategy targets \/ Dana Pa\u013eov\u00e1, Martin Veja\u010dka &#8211; 2018. In: Economics &#038; Sociology : Journal of Scientific Papers. &#8211; Szczecin (Po\u013esko) : Centre of Sociological Research Ro\u010d. 11, \u010d. 3 (2018), s. 96-112 &#8211; ISSN 2071-789X <\/td>\n<\/tr>\n<\/tbody>\n<\/table>\n<\/ul>\n<li><a href=\"https:\/\/epc.lib.tuke.sk\/EvidPublQ.aspx?rok=9999&#038;priezv=Vejacka&#038;meno=Martin\" target=\"_blank\" rel=\"noopener noreferrer\">Zoznam v\u0161etk\u00fdch publik\u00e1ci\u00ed<\/a><\/li>\n<\/ul>\n\n<h4><a name=\"project\">Projekty<\/a><\/h4>\n<h5> <i> Medzin\u00e1rodn\u00e9 projekty:  <\/i><\/h5>\n<ol align=\"justify\">\n<li> <a href=\"http:\/\/www.fluid-win.de\/\"> FLUID-WIN &#8211; Finance, Logistics and Production Integration Domain by Web-based Interaction Network <\/a>, 6RP, Program IST, N. 027083; 2006 \u2013 2008 &#8211; rie\u0161ite\u013e<\/li>\n<li> <a href=\"http:\/\/www.fasterproject.eu\/\"> FASTER <\/a> &#8211; LLP &#8211; Financial and Accounting Seminars Targeting European Regions &#8211; rie\u0161ite\u013e<\/li>\n<li> <a href=\"https:\/\/www.recreate.cti.p.lodz.pl\/\"> RECREATE <\/a> &#8211; Recovery the Crisis through Entrepreneurial Attitude- Erasmus + Strategic Partnership- rie\u0161ite\u013e<\/li>\n<li> <a href=\"http:\/\/www.restart-eu.upb.ro\/\"> RESTART <\/a> &#8211; Reinforce Entreprenurial and Digital Skills of Students and Teachers to Enhance the Modernization of Higher Education in Moldova &#8211; rie\u0161ite\u013e <\/li>\n<\/ol>\n<h5>  <i> N\u00e1rodn\u00e9 projekty:  <\/i><\/h5>\n<ol align=\"justify\">\n<li>VEGA &#8211; Syst\u00e9my pre podporu rozhodovania a business intelligence v r\u00e1mci sie\u0165ovej ekonomiky (1\/0201\/19) &#8211; zodpovedn\u00fd rie\u0161ite\u013e <\/li>\n<li>VEGA &#8211; The socio-economic potential of data sharing as a tool to support smart supply chain management (1\/0873\/21) &#8211; rie\u0161ite\u013e <\/li>\n<li>VEGA &#8211; Security models of distributed systems providing electronic services (1\/0945\/12) &#8211; rie\u0161ite\u013e<\/li>\n<li>Bal\u00edk inovat\u00edvnych prvkov pre reformu vzdel\u00e1vania na TUKE &#8211; rie\u0161ite\u013e <\/li>\n<li>Bal\u00edk inovat\u00edvnych prvkov pre reformu vzdel\u00e1vania na TUKE &#8211; Bal\u00edk doplnkov pre \u010fal\u0161iu reformu vzdel\u00e1vania na TUKE &#8211; rie\u0161ite\u013e <\/li>\n<\/ol>\n<h4><a name=\"contact\">Kontakt<\/a><\/h4>\n<table>\n<tr>\n<td><b>Adresa<\/b><\/td>\n<td><b>Kancel\u00e1ria<\/b><\/td>\n<td><b>Telef\u00f3n<\/b><\/td>\n<td><b>E-mail<\/b><\/td>\n<tr>\n\n<tr>\n<td>Technick\u00e1 univerzita v Ko\u0161iciach<p>N\u011bmcovej 32, 040 01  Ko\u0161ice<\/td>\n<td>\u010c\u00edslo dver\u00ed: 113<\/td>\n<td>055\/602 3268<\/td>\n<td>martin.vejacka@tuke.sk<\/td>\n<tr>\n<\/table>\n","protected":false},"excerpt":{"rendered":"<p>Pedagogick\u00e1 \u010dinnos\u0165 Publik\u00e1cie Projekty Kontakt Odborn\u00fd asistent Oblasti v\u00fdskumn\u00e9ho zamerania: elektronick\u00e9 bankovn\u00edctvo a financie bezpe\u010dnos\u0165 elektronick\u00e9ho bankovn\u00edctva online marketing e-learning IT technol\u00f3gie podporuj\u00face ekonomick\u00e9 aktivity&hellip;<\/p>\n","protected":false},"author":1,"featured_media":0,"parent":0,"menu_order":0,"comment_status":"closed","ping_status":"closed","template":"","meta":{"footnotes":""},"class_list":["post-292","page","type-page","status-publish","hentry","no-post-thumbnail"],"_links":{"self":[{"href":"https:\/\/kamahi.ekf.tuke.sk\/index.php\/wp-json\/wp\/v2\/pages\/292"}],"collection":[{"href":"https:\/\/kamahi.ekf.tuke.sk\/index.php\/wp-json\/wp\/v2\/pages"}],"about":[{"href":"https:\/\/kamahi.ekf.tuke.sk\/index.php\/wp-json\/wp\/v2\/types\/page"}],"author":[{"embeddable":true,"href":"https:\/\/kamahi.ekf.tuke.sk\/index.php\/wp-json\/wp\/v2\/users\/1"}],"replies":[{"embeddable":true,"href":"https:\/\/kamahi.ekf.tuke.sk\/index.php\/wp-json\/wp\/v2\/comments?post=292"}],"version-history":[{"count":57,"href":"https:\/\/kamahi.ekf.tuke.sk\/index.php\/wp-json\/wp\/v2\/pages\/292\/revisions"}],"predecessor-version":[{"id":3933,"href":"https:\/\/kamahi.ekf.tuke.sk\/index.php\/wp-json\/wp\/v2\/pages\/292\/revisions\/3933"}],"wp:attachment":[{"href":"https:\/\/kamahi.ekf.tuke.sk\/index.php\/wp-json\/wp\/v2\/media?parent=292"}],"curies":[{"name":"wp","href":"https:\/\/api.w.org\/{rel}","templated":true}]}}