{"id":302,"date":"2019-09-12T14:53:28","date_gmt":"2019-09-12T12:53:28","guid":{"rendered":"http:\/\/www4.ekf.tuke.sk\/kamahi\/?page_id=302"},"modified":"2023-09-25T11:15:52","modified_gmt":"2023-09-25T09:15:52","slug":"peter-sugerek","status":"publish","type":"page","link":"https:\/\/kamahi.ekf.tuke.sk\/index.php\/peter-sugerek\/","title":{"rendered":"Peter \u0160ugerek"},"content":{"rendered":"\n<style type=\"text\/css\">\n.entry-content table,\n.entry-content th,\n.entry-content tr,\n.entry-content td{\n\tborder:none;\n}\ntable.other,\ntd.other,\ntr.other{\n\tpadding: 5px 5px 5px;\n}\ntable.other,\ntd.other,\ntr.other{\nborder: 1px solid #a51890;\n\n}\n<\/style>\n\n\n\n<div style=\"float: left; width: 75%\"><p align=\"justify\">\n<table class=\"wp-block-table\"><tbody><tr><td><h4><a href=\"#experience\" target=\"_self\" class=\"btn-secondary\" rel=\"noopener noreferrer\">Pedagogick\u00e1 \u010dinnos\u0165<\/a><\/h4><\/td><td><h4><a href=\"#work\" target=\"_self\" class=\"btn-secondary\" rel=\"noopener noreferrer\">Publik\u00e1cie<\/a><\/h4><\/td><td><h4><a href=\"#project\" target=\"_self\" class=\"btn-secondary\" rel=\"noopener noreferrer\">Projekty<\/a><\/h4><\/td><td><h4><a href=\"#contact\" target=\"_self\" class=\"btn-secondary\" rel=\"noopener noreferrer\">Kontakt<\/a><\/h4><\/td><\/tr><tr><\/tr><\/tbody><\/table>\n\n\n\n<!---->\nSom odborn\u00fdm asistentom na KAMaHI Ekonomickej fakulty, Technickej univerzity v Ko\u0161iciach. M\u00e1m ukon\u010den\u00e9 vysoko\u0161kolsk\u00e9 vzdelanie 3. stup\u0148a na Univerzite Pavla Jozefa \u0160af\u00e1rika. Dizerta\u010dn\u00fa pr\u00e1cu som obh\u00e1jil v roku 2013. Medzi oblasti odborn\u00e9ho z\u00e1ujmu patr\u00ed diskr\u00e9tna matematika \u2013 te\u00f3ria grafov.\n<\/p><\/div>\n\n\n\n<div class=\"wp-block-image\"><figure class=\"alignright is-resized\"><img loading=\"lazy\" decoding=\"async\" src=\"https:\/\/kamahi.ekf.tuke.sk\/wp-content\/uploads\/2019\/11\/44023968_509118429588788_8896332705583595520_n.jpg\" alt=\"sk.pinterest.com\/pin\/538250592965290355\/\" class=\"wp-image-2863\" width=\"179\" height=\"180\" srcset=\"https:\/\/kamahi.ekf.tuke.sk\/wp-content\/uploads\/2019\/11\/44023968_509118429588788_8896332705583595520_n.jpg 717w, https:\/\/kamahi.ekf.tuke.sk\/wp-content\/uploads\/2019\/11\/44023968_509118429588788_8896332705583595520_n-150x150.jpg 150w, https:\/\/kamahi.ekf.tuke.sk\/wp-content\/uploads\/2019\/11\/44023968_509118429588788_8896332705583595520_n-300x300.jpg 300w\" sizes=\"(max-width: 179px) 100vw, 179px\" \/><\/figure><\/div>\n\n\n\n<div style=\"float: left; width: 75%\"><p align=\"left\"> \n\n<\/p><h4><a name=\"experience\">Pedagogick\u00e1 \u010dinnos\u0165<\/a><\/h4>\nCvi\u010denia z predmetu: Matematika I, Matematika II\n\n<p><b><br>Konzulta\u010dn\u00e9 hodiny<\/b><\/p>\n<ul>\n<li>Pondelok 13:30 &#8211; 14:30 alebo po dohode<\/li>\n<\/ul>\n<p><b>Vedenie z\u00e1vere\u010dn\u00fdch pr\u00e1c<\/b><\/p>\n<span style=\"text-decoration: underline;\"><strong>Diplomov\u00e9 pr\u00e1ce:<\/strong><\/span>\n<ul>\n<li>Rie\u0161enie negat\u00edvnych external\u00edt \u017eivotn\u00e9ho prostredia (2022\/2023 FBI)<\/li>\n<li>D\u00f4chodok, o\u010dak\u00e1van\u00e1 renta dne\u0161n\u00fdch vysoko\u0161kol\u00e1kov, mo\u017enosti pr\u00edpravy (2022\/2023 FBI)<\/li>\n<\/ul>\n\n<span style=\"text-decoration: underline;\"><strong>Bakal\u00e1rske pr\u00e1ce:<\/strong><\/span>\n<ul>\n\n<li>Finan\u010dn\u00e9 benefity materskej dovolenky (2021\/2022 FBI)<\/li>\n<li>Soci\u00e1lny podnik zameran\u00fd na v\u010del\u00e1rstvo &#8211; kolobeh v\u010delieho vosku (2019\/2020 FBI)<\/li>\n<li>Ekonomick\u00fd pr\u00ednos v\u010diel (2019\/2020 FBI)<\/li>\n<li>Bohat\u00ed bohatn\u00fa (2018\/2019 FBI)<\/li>\n<li>Minimaliz\u00e1cia n\u00e1kladov na \u00fadr\u017ebu a chod zariaden\u00ed v podniku (2018\/2019 FBI)<\/li>\n<li>Podnikate\u013esk\u00fd pl\u00e1n obchodu so zvierac\u00edmi potrebami (2018\/2019 FBI)<\/li>\n<li> Ekonomick\u00e1 anal\u00fdza projektu chovu v\u010diel v ko\u0161ickom kraji (2016\/2017 FBI)<\/li>\n<\/ul>\n<\/div>\n\n\n\n<h4 class=\"wp-block-heading\"><a name=\"work\">Publik\u00e1cie<\/a><\/h4>\n\n\n\n<h5>5 najv\u00fdznamnej\u0161\u00edch publik\u00e1cii<\/h5>\n\n\n\n<table class=\"other\">\n<tbody  >\n<tr class=\"other\">\n<td class=\"other\" width=\"7%\"><strong>Kateg\u00f3ria<\/strong><\/td>\n<td class=\"other\"><strong>Publik\u00e1cia<\/strong><\/td>\n<\/tr>\n<tr class=\"other\">\n<td class=\"other\"><strong>ADC<\/strong><\/td>\n<td class=\"other\"> J. Czap, S. Jendro\u013e, <strong>P. &Scaron;ugerek<\/strong>, J. Valiska: <em><a href=\"https:\/\/www.dmgt.uz.zgora.pl\/publish\/view_pdf.php?ID=4971\">Facial [r,s,t]-colorings of plane graphs<\/a><\/em>, Discussiones  Mathematicae Graph Theory 39 (2019) 629&nbsp;&ndash; 645.<\/span> <\/td>\n<\/tr>\n<tr class=\"other\">\n<td class=\"other\"><strong>ADC<\/strong><\/td>\n<td class=\"other\">J. Czap, S. Jendro\u013e, <strong>P. &Scaron;ugerek<\/strong>, J. Valiska: <em><a href=\"https:\/\/www.sciencedirect.com\/science\/article\/pii\/S0166218X18305699\">Facial packing vertex-coloring of subdivided plane graphs<\/a><\/em>, Discrete Applied Mathematics 257 (2019) 95&nbsp;&ndash; 100.<\/span> <\/td>\n<\/tr>\n<tr class=\"other\">\n<td class=\"other\"><strong>ADC<\/strong><\/td>\n<td class=\"other\">J. Czap, J. Ivan\u010do, <strong>P. \u0160ugerek<\/strong>: <a href=\"http:\/\/www.discuss.wmie.uz.zgora.pl\/gt\/\" target=\"_blank\" rel=\"noopener noreferrer\">M2-edge colorings of cacti and graph joins<\/a>, Discussiones Mathematicae Graph Theory 36 (2016) 141 &#8211; 151.<strong>&nbsp;<\/strong><\/td>\n<\/tr>\n<tr class=\"other\">\n<td class=\"other\"><strong>ADC<\/strong><\/td>\n<td class=\"other\">B. Lu\u017ear, M. Mockov\u010diakov\u00e1, R. Sot\u00e1k, R. \u0160krekovski,&nbsp;<strong>P. \u0160ugerek<\/strong>:&nbsp;<em><a href=\"http:\/\/www.sciencedirect.com\/science\/article\/pii\/S0166218X14004260\" target=\"_blank\" rel=\"noopener noreferrer\"> \u2113-facial edge colorings of graphs<\/a>,<\/em>&nbsp;Discrete Applied Mathematics, Vol. 181 (1) (2015), 193-200.<\/td>\n<\/tr>\n<tr class=\"other\">\n<td class=\"other\"><strong>ADC<\/strong><\/td>\n<td class=\"other\">S. Jendro\u013e,&nbsp;<strong>P. \u0160ugerek<\/strong>:&nbsp;<em><a href=\"http:\/\/www.discuss.wmie.uz.zgora.pl\/gt\/\" target=\"_blank\" rel=\"noopener noreferrer\">A note on face coloring entire weightings of plane graphs,<\/a><\/em>&nbsp;Discussiones Mathematicae Graph Theory, 34 (2014) 421\u2013426.<\/td>\n<\/tr>\n<\/tbody>\n<\/table>\n<\/ul>\n<li><a href=\"https:\/\/www.scopus.com\/authid\/detail.uri?authorId=55630232400\" target=\"_blank\" rel=\"noopener noreferrer\">Zoznam publik\u00e1ci\u00ed &#8211; Scopus<\/a><\/li>\n<\/ul>\n\n<!--\n<ol>\n<li>J. Czap, S. Jendro\u013e, <strong>P. &Scaron;ugerek<\/strong>, J. Valiska: <em><a href=\"https:\/\/www.dmgt.uz.zgora.pl\/publish\/view_pdf.php?ID=4971\">Facial [r.s,t]-colorings of plane graphs<\/a><\/em>, Discussiones  Mathematicae Graph Theory 39 (2019) 629&nbsp;&ndash; 645.<\/span> <\/li>\n<li>J. Czap, S. Jendro\u013e, <strong>P. &Scaron;ugerek<\/strong>, J. Valiska: <em><a href=\"https:\/\/www.sciencedirect.com\/science\/article\/pii\/S0166218X18305699\">Facial packing vertex-coloring of subdivided plane graphs<\/a><\/em>, Discrete Applied Mathematics 257 (2019) 95&nbsp;&ndash; 100.<\/span> <\/li>\n<li>J. Czap,&nbsp;<strong>P. \u0160ugerek<\/strong>: <a href=\"http:\/\/www.ijpam.eu\/contents\/2017-115-1\/9\/9.pdf\" target=\"_blank\" rel=\"noopener noreferrer\">Facial total-coloring of bipartite plane graphs<\/a>, International Journal of Pure and Applied Mathematics 115 (1) (2017) 115 - 121.<\/li>\n<li>J. Czap,&nbsp;<strong>P. \u0160ugerek<\/strong>:&nbsp;<a href=\"http:\/\/www.pmf.ni.ac.rs\/pmf\/publikacije\/filomat\/2017\/31-2\/31-2-16-2057.pdf\" target=\"_blank\" rel=\"noopener noreferrer\">Drawing graph joins in the plane with restrictions on crossings<\/a>, Filomat 31 (2) (2017) 363 - 370.<\/li>\n<li>J. Czap, J. Ivan\u010do, <strong>P. \u0160ugerek<\/strong>: <a href=\"http:\/\/www.discuss.wmie.uz.zgora.pl\/gt\/\" target=\"_blank\" rel=\"noopener noreferrer\">M2-edge colorings of cacti and graph joins<\/a>, Discussiones Mathematicae Graph Theory 36 (2016) 141 - 151.<strong>&nbsp;<\/strong><\/li>\n<li>J. Czap, <strong>P. \u0160ugerek<\/strong>:<em>&nbsp;<\/em><a href=\"http:\/\/www.m-hikari.com\/ams\/ams-2015\/ams-77-80-2015\/p\/czapAMS77-80-2015.pdf\" target=\"_blank\" rel=\"noopener noreferrer\">Mi-edge colorings of complete graphs<\/a>, Applied Mathematical Sciences 9 (77) (2015) 3835&nbsp;\u2013 3842.<\/li>\n<li>B. Lu\u017ear, M. Mockov\u010diakov\u00e1, R. Sot\u00e1k, R. \u0160krekovski,&nbsp;<strong>P. \u0160ugerek<\/strong>:&nbsp;<em><a href=\"http:\/\/www.sciencedirect.com\/science\/article\/pii\/S0166218X14004260\" target=\"_blank\" rel=\"noopener noreferrer\"> \u2113-facial edge colorings of graphs<\/a>,<\/em>&nbsp;Discrete Applied Mathematics, Vol. 181 (1) (2015), 193-200.<\/li>\n<li>J. Czap,<strong> P. \u0160ugerek<\/strong>: <a href=\"http:\/\/www.m-hikari.com\/ams\/ams-2014\/ams-93-96-2014\/czapAMS93-96-2014.pdf\" target=\"_blank\" rel=\"noopener noreferrer\">Face-distinguishing facially-proper entire-labeling of plane graphs<\/a>, Applied Mathematical Sciences 8 (96) (2014) 4767-4774.<\/li>\n<li>S. Jendro\u013e,&nbsp;<strong>P. \u0160ugerek<\/strong>:&nbsp;<em><a href=\"http:\/\/www.discuss.wmie.uz.zgora.pl\/gt\/\" target=\"_blank\" rel=\"noopener noreferrer\">A note on face coloring entire weightings of plane graphs,<\/a><\/em>&nbsp;Discussiones Mathematicae Graph Theory, 34 (2014) 421\u2013426.<\/li>\n<li>D. Hud\u00e1k,&nbsp;<strong>P. \u0160ugerek<\/strong>:&nbsp;<em><a href=\"http:\/\/www.discuss.wmie.uz.zgora.pl\/gt\/\">Light edges in 1-planar graphs with prescribed minimum degree<\/a>,<\/em>&nbsp;Discussiones Mathematicae Graph Theory 32(3)(2012)&nbsp;545\u2013556.<\/li>\n<\/ol>\n-->\n\n\n\n<h4 class=\"wp-block-heading\"><a name=\"project\">Projekty<\/a><\/h4>\n\n\n\n<p>N\u00e1rodn\u00e9 projekty<\/p><ul>\n<li>VEGA 1\/0444\/23,  Anal\u00fdza siet\u00ed a modelovanie vz\u0165ahov na medzin\u00e1rodn\u00fdch finan\u010dn\u00fdch trhoch, 2023 \u2013 2025, spolurie\u0161ite\u013e projektu<\/li>\n<li><span> APVV-20-0608, N\u00e1zov: <em>V\u00fdskum behavior\u00e1lnych vzorov v rozsiahlych d\u00e1tach verejn\u00e9ho a komer\u010dn\u00e9ho\nobstar\u00e1vania s negat\u00edvnym dopadom na v\u00fdkonnos\u0165 procesov obstar\u00e1vania<\/em>, 2021 \u2013 2023<\/span>, spolurie\u0161ite\u013e projektu<\/li>\n<li><span>VEGA&nbsp;<\/span>1\/0201\/19 Syst\u00e9my pre podporu rozhodovania a business intelligence v r\u00e1mci sie\u0165ovej ekonomiky, 2019 \u2013&nbsp;2020&nbsp;, spolurie\u0161ite\u013e projektu<\/li>\n<li><span>VEGA&nbsp;<\/span>1\/0794\/18 V\u00fdvoj metodologickej platformy na hodnotenie efekt\u00edvnosti vo finan\u010dnom a nefinan\u010dnom sektore, 2018 \u2013&nbsp;2020&nbsp;, spolurie\u0161ite\u013e projektu<\/li>\n<li><span> APVV-0023-10, N\u00e1zov: <em>Polyedr\u00e1lna, \u0161truktur\u00e1lna a chromatick\u00e1 te\u00f3ria grafov<\/em>, 2011 \u2013 2013<\/span>, spolurie\u0161ite\u013e projektu<\/li>\n<li><span> VEGA 1\/3004\/06-Jendro\u013e, N\u00e1zov: <em>\u0160trukt\u00fara, vnorenia, zafarbenia a&nbsp;ohodnotenia grafov<\/em>, 2006 \u2013 2008<\/span>, spolurie\u0161ite\u013e projektu<\/li>\n\n<\/ul>\n\n\n\n<h4 class=\"wp-block-heading\"><a name=\"contact\">Kontakt<\/a><\/h4>\n\n\n\n<table class=\"wp-block-table\"><tbody><tr><td><b>Adresa<\/b><\/td><td><b>Kancel\u00e1ria<\/b><\/td><td><b>Telef\u00f3n<\/b><\/td><td><b>E-mail<\/b><\/td><\/tr><tr><\/tr><tr><td>Technick\u00e1 univerzita v Ko\u0161iciach<p>N\u011bmcovej 32, 040 01  Ko\u0161ice<\/p><\/td><td>\u010c\u00edslo dver\u00ed:  2<sup>2<\/sup> .53<\/td><td>055\/602 3273<\/td><td>peter.sugerek@tuke.sk<\/td><\/tr><tr><\/tr><\/tbody><\/table>\n","protected":false},"excerpt":{"rendered":"<p>Pedagogick\u00e1 \u010dinnos\u0165 Publik\u00e1cie Projekty Kontakt Som odborn\u00fdm asistentom na KAMaHI Ekonomickej fakulty, Technickej univerzity v Ko\u0161iciach. M\u00e1m ukon\u010den\u00e9 vysoko\u0161kolsk\u00e9 vzdelanie 3. stup\u0148a na Univerzite Pavla&hellip;<\/p>\n","protected":false},"author":10,"featured_media":0,"parent":0,"menu_order":0,"comment_status":"closed","ping_status":"closed","template":"","meta":{"footnotes":""},"class_list":["post-302","page","type-page","status-publish","hentry","no-post-thumbnail"],"_links":{"self":[{"href":"https:\/\/kamahi.ekf.tuke.sk\/index.php\/wp-json\/wp\/v2\/pages\/302"}],"collection":[{"href":"https:\/\/kamahi.ekf.tuke.sk\/index.php\/wp-json\/wp\/v2\/pages"}],"about":[{"href":"https:\/\/kamahi.ekf.tuke.sk\/index.php\/wp-json\/wp\/v2\/types\/page"}],"author":[{"embeddable":true,"href":"https:\/\/kamahi.ekf.tuke.sk\/index.php\/wp-json\/wp\/v2\/users\/10"}],"replies":[{"embeddable":true,"href":"https:\/\/kamahi.ekf.tuke.sk\/index.php\/wp-json\/wp\/v2\/comments?post=302"}],"version-history":[{"count":70,"href":"https:\/\/kamahi.ekf.tuke.sk\/index.php\/wp-json\/wp\/v2\/pages\/302\/revisions"}],"predecessor-version":[{"id":3836,"href":"https:\/\/kamahi.ekf.tuke.sk\/index.php\/wp-json\/wp\/v2\/pages\/302\/revisions\/3836"}],"wp:attachment":[{"href":"https:\/\/kamahi.ekf.tuke.sk\/index.php\/wp-json\/wp\/v2\/media?parent=302"}],"curies":[{"name":"wp","href":"https:\/\/api.w.org\/{rel}","templated":true}]}}