{"id":75,"date":"2019-09-12T10:43:21","date_gmt":"2019-09-12T08:43:21","guid":{"rendered":"http:\/\/www4.ekf.tuke.sk\/kamahi\/?page_id=75"},"modified":"2024-09-17T11:51:40","modified_gmt":"2024-09-17T09:51:40","slug":"o-katedre","status":"publish","type":"page","link":"https:\/\/kamahi.ekf.tuke.sk\/index.php\/o-katedre\/","title":{"rendered":"O katedre"},"content":{"rendered":"\n<style>\nul.other li.other {\n  position: relative;\n  padding-bottom: 10px;\n}\n\nul.other {\n  list-style: none;\n}\n\nul.other li.other:before{\n   content: '';\n   position: absolute;\n   border-right:2px solid black;\n   border-bottom:2px solid black;\n   width:10px;\n   height:10px;\n   top: calc(50% - 4px);\n   left: -20px;\n   transform: translateY(-50%) rotate(-45deg);\n   border-color: #ff9041;\n}\n<\/style>\n<p>Katedra aplikovanej matematiky a hospod\u00e1rskej informatiky realizuje pedagogick\u00fa, v\u00fdskumno-v\u00fdvojov\u00fa \u010dinnos\u0165 so zameran\u00edm na nasledovn\u00e9 oblasti:<\/p>\n\n<ul class=\"other\">\n<li class=\"other\">informa\u010dn\u00e9 a datab\u00e1zov\u00e9 syst\u00e9my, modelovanie podnikov\u00fdch procesov,<\/li>\n<li class=\"other\">bezpe\u010dnos\u0165 elektronickej komunik\u00e1cie, e-podpis, elektronick\u00e9 podnikanie,<\/li>\n<li class=\"other\">te\u00f3ria grafov a jej aplik\u00e1cie,<\/li>\n<li class=\"other\">\u0161tatistick\u00e9 spracovanie \u00fadajov a d\u00e1tov\u00e1 analytika, vizualiz\u00e1cia d\u00e1t<\/li>\n<li class=\"other\">e-learning.<\/li>\n<\/ul>\n\n<p>Predmety zabezpe\u010dovan\u00e9 katedrou s\u00fa v\u00fdrazne orientovan\u00e9 na aplik\u00e1ciu matematick\u00fdch a \u0161tatistick\u00fdch met\u00f3d v ekonomickej a finan\u010dnej praxi. Katedra sa spolupodie\u013ea a garantuje predmety, ktor\u00e9 s\u00fa s\u00fa\u010das\u0165ou vyu\u010dovacieho procesu bakal\u00e1rskeho v troch \u0161tudijn\u00fdch programoch:<\/p>\n<ul class=\"other\">\n<li class=\"other\">Financie, bankovn\u00edctvo a investovanie<\/li>\n<li class=\"other\">Ekonomika a mana\u017ement verejnej spr\u00e1vy<\/li>\n<li class=\"other\">Hospod\u00e1rska informatika (FEI, 1 a 2 stupe\u0148 vzdel\u00e1vania)<\/li>\n<\/ul>\n<p>Vedeck\u00e1 \u010dinnos\u0165 KAMaHI je orientovan\u00e1 na vedeck\u00e9 oblasti:<\/p> \n<ul class=\"other\">\n<li class=\"other\">diskr\u00e9tna matematika ,<\/li>\n<li class=\"other\">\u0161tatistick\u00e1 anal\u00fdza \u00fadajov s vyu\u017eit\u00edm viacrozmern\u00fdch \u0161tatistick\u00fdch met\u00f3d v r\u00f4znych oblastiach v\u00fdskumu, predov\u0161etk\u00fdm v ekonomick\u00fdch d\u00e1tach, ale i v oblasti turizmu, \u0161portu, medic\u00edny a in\u00fdch,<\/li>\n<li class=\"other\">v\u00fdskum bezpe\u010dnosti a d\u00f4very v r\u00e1mci elektronick\u00fd slu\u017eieb, digit\u00e1lnej identite, webov\u00e9mu marketingu a eGovernmentu,<\/li>\n<li class=\"other\">d\u00e1tovo-riaden\u00fd marketing, meranie v\u00fdkonnosti webov\u00fdch str\u00e1nok a mobiln\u00fdch aplik\u00e1ci\u00ed,<\/li>\n<li class=\"other\">te\u00f3ria vyu\u010dovania informatiky, aplik\u00e1cie informatiky v ekonomick\u00fdch procesoch, modelovanie podnikov\u00fdch procesov, informa\u010dn\u00fd mana\u017ement, zav\u00e1dzanie inovat\u00edvnych postupov vo vzdel\u00e1van\u00ed, eLearning,<\/li>\n<li class=\"other\">Industry 4.0.<\/li>\n<\/ul>\n\n\n\n<p><\/p>\n","protected":false},"excerpt":{"rendered":"<p>Katedra aplikovanej matematiky a hospod\u00e1rskej informatiky realizuje pedagogick\u00fa, v\u00fdskumno-v\u00fdvojov\u00fa \u010dinnos\u0165 so zameran\u00edm na nasledovn\u00e9 oblasti: informa\u010dn\u00e9 a datab\u00e1zov\u00e9 syst\u00e9my, modelovanie podnikov\u00fdch procesov, bezpe\u010dnos\u0165 elektronickej komunik\u00e1cie,&hellip;<\/p>\n","protected":false},"author":1,"featured_media":0,"parent":0,"menu_order":0,"comment_status":"closed","ping_status":"closed","template":"","meta":{"footnotes":""},"class_list":["post-75","page","type-page","status-publish","hentry","no-post-thumbnail"],"_links":{"self":[{"href":"https:\/\/kamahi.ekf.tuke.sk\/index.php\/wp-json\/wp\/v2\/pages\/75"}],"collection":[{"href":"https:\/\/kamahi.ekf.tuke.sk\/index.php\/wp-json\/wp\/v2\/pages"}],"about":[{"href":"https:\/\/kamahi.ekf.tuke.sk\/index.php\/wp-json\/wp\/v2\/types\/page"}],"author":[{"embeddable":true,"href":"https:\/\/kamahi.ekf.tuke.sk\/index.php\/wp-json\/wp\/v2\/users\/1"}],"replies":[{"embeddable":true,"href":"https:\/\/kamahi.ekf.tuke.sk\/index.php\/wp-json\/wp\/v2\/comments?post=75"}],"version-history":[{"count":119,"href":"https:\/\/kamahi.ekf.tuke.sk\/index.php\/wp-json\/wp\/v2\/pages\/75\/revisions"}],"predecessor-version":[{"id":3588,"href":"https:\/\/kamahi.ekf.tuke.sk\/index.php\/wp-json\/wp\/v2\/pages\/75\/revisions\/3588"}],"wp:attachment":[{"href":"https:\/\/kamahi.ekf.tuke.sk\/index.php\/wp-json\/wp\/v2\/media?parent=75"}],"curies":[{"name":"wp","href":"https:\/\/api.w.org\/{rel}","templated":true}]}}